ate the highest common factor of 9 and t.
9
Let b(c) = 3*c**2 + 3*c + 9. Let f be b(-4). What is the greatest common divisor of f and 135?
45
Suppose -3*l = -2*l, 572 = 2*v - 2*l. Calculate the greatest common factor of 78 and v.
26
Let n be ((-3)/5)/(8/(-720)). Suppose 4*r - 48 - 24 = 0. Calculate the highest common factor of r and n.
18
Let h(k) be the third derivative of k**5/15 + 5*k**4/8 + 2*k**3 + 21*k**2. Let n be h(-6). Calculate the highest common divisor of 22 and n.
22
Let q = -95 - -133. Calculate the highest common divisor of q and 209.
19
Let q(a) = -a**3 - 5*a**2 - 5*a. Let o = -4 - 0. Let h be q(o). Suppose 0 = -h*s + i + 46, 0 = -4*i - 1 + 9. Calculate the highest common factor of s and 96.
12
Let m = -29 - -20. Suppose 2*z - 7*z = c + 60, z = c - 6. Let l = m - z. Calculate the highest common factor of l and 2.
2
Let f = -5 - -3. Let d be 0 + (2 - -2) + f. Suppose -2*g = 4*m - 188, -d*m + 5*g + 93 = 23. What is the highest common factor of 5 and m?
5
Let m = 490 + -194. Calculate the highest common divisor of 8 and m.
8
Let p be -80*3/(-6) + -1 + 0. What is the greatest common factor of 624 and p?
39
Let j(a) be the first derivative of 1/3*a**3 + 3/2*a**2 + 2 - 5*a. Let t be j(4). Calculate the greatest common divisor of 161 and t.
23
Let j(d) = 4*d**2 + 3*d - 42. Let q be j(6). Calculate the highest common factor of 80 and q.
40
Suppose -d = -2*q - 2, -5*d - 1 = -4*q + 1. Let m be (-1)/q - 730/(-20). Calculate the greatest common divisor of 333 and m.
37
Let y(n) = 42*n + 14. Let d be y(4). Calculate the highest common factor of d and 28.
14
Suppose -f - 16 = -3*f + 4*u, -4*u = -5*f + 34. Calculate the greatest common factor of 282 and f.
6
Suppose -5*x + 15*x - 770 = 0. Let f = x + -76. Calculate the greatest common factor of 4 and f.
1
Suppose 44 + 46 = -3*z. Let g = -24 - z. Let r be 1 + (-1 - (-24)/2). Calculate the greatest common factor of g and r.
6
Let k(h) = -h**2 - 7*h + 30. Let t be k(-11). Let n = t - -37. Calculate the greatest common divisor of n and 92.
23
Let r = 90 + 6. What is the greatest common divisor of r and 6?
6
Let s(u) = 4*u**2 + 6*u + 1. Let x be s(2). Suppose -51 = x*a - 32*a. Calculate the highest common divisor of a and 221.
17
Let q(y) = y**3 + 16*y**2 - 27*y - 32. Let f be q(-17). Let d = f - 72. Calculate the greatest common factor of d and 33.
33
Suppose 0 = -21*r + 17*r + 64. What is the highest common divisor of 184 and r?
8
Suppose 2*m = 5*t + 19, -m - 3 + 2 = t. Let d = 8 + m. Calculate the highest common divisor of 25 and d.
5
Suppose -4*t + 113 + 123 = 0. What is the highest common factor of 236 and t?
59
Suppose 5*n = 27 - 7. Suppose n*v + 0*v - 24 = 0. Let m = v - -2. What is the greatest common divisor of 20 and m?
4
Let x be (-48)/(-9) - 8/(-12). Suppose 11*b = 9*b + x. Let m be -1 + (26/2 - 0). What is the greatest common factor of m and b?
3
Suppose -14 + 6 = -4*s. Suppose s = 2*q - 2. Let g be 46*-4*(q + -3). What is the greatest common divisor of g and 23?
23
Let w(j) = 4*j**2 - 3*j - 4. Let x be w(3). Let y = 21 - x. Let h be 21*1*(-1 - y). What is the highest common factor of 21 and h?
21
Let m = 0 - 2. Let i be (-7554)/(-21) - m/7. Suppose j - i = -3*j. Calculate the greatest common divisor of j and 18.
18
Suppose -n = 2*n - 72. Suppose -3*l = -5*z + 183 + 111, -4*z = -4*l - 232. What is the highest common divisor of n and z?
12
Let v be 6/(-14) + (-454)/(-14). Calculate the highest common factor of v and 2.
2
Let g(a) = -a**3 + 4*a**2 + 14*a - 7. Let u be g(6). Suppose 0 = -5*s, 5*c + u*s - 80 = s. What is the greatest common factor of c and 24?
8
Suppose -j + 6 = 2*l, -4*l = -j - 0*l. Suppose j = 3*q - 2. Calculate the greatest common factor of q and 18.
2
Let z = -23 - -14. Let q be 2/z + 6/27. Let l be 16 + -4 + q + 4. Calculate the highest common factor of l and 16.
16
Let x(n) = 20*n + 352. Let p be x(-14). What is the highest common divisor of p and 36?
36
Suppose -2*l - 3*i + 116 = 0, 2*i + 2*i + 58 = l. Let o = 106 - l. What is the highest common factor of 6 and o?
6
Let n(v) = -13*v - 5. Let j be n(-2). What is the greatest common factor of j and 315?
21
Let i(j) = j**2 + 2*j. Let n be i(-2). Suppose n*m - 3*x - 448 = -4*m, 0 = m + x - 105. Suppose 35 = 4*o - m. What is the greatest common divisor of o and 9?
9
Let t(z) = 15*z**3 - 8*z**2 + 3*z + 12. Let s be t(3). What is the greatest common factor of s and 6?
6
Let r(k) = k**2 - 4*k - 136. Let s be r(18). What is the highest common divisor of 1856 and s?
116
Let q(x) = 3*x + 25. Let p be q(-10). Let y(o) = o**3 + 4*o**2 - 6*o - 4. Let u be y(p). Calculate the highest common divisor of u and 9.
1
Suppose 6*f - 295 + 91 = 0. Calculate the greatest common factor of 1887 and f.
17
Let n = -252 + 268. Calculate the greatest common divisor of 128 and n.
16
Suppose 0*c + c = 30. Suppose 13 - 77 = 4*j. Let v = j - -28. Calculate the highest common divisor of c and v.
6
Suppose g - 431 = -w, -2*w + 1720 = -0*g + 4*g. Calculate the greatest common divisor of g and 78.
39
Suppose y - 37 + 27 = 0. Suppose y = -5*r, -2*r - 1338 = -4*l + r. Calculate the greatest common divisor of l and 37.
37
Let p = 1024 + -940. What is the highest common factor of 8 and p?
4
Let d(b) = b**2 + 5*b + 99. Let x be d(0). Calculate the highest common factor of x and 66.
33
Suppose -5*r + 4*g + 498 = 0, r - g + 390 = 5*r. Let q = r + 67. What is the highest common divisor of q and 15?
15
Suppose -2*p + 2 + 2 = 4*o, -o = 4*p + 6. Let x = 2 - p. Calculate the highest common factor of x and 6.
2
Suppose -5*m - 8 = -9*m. Suppose d - 72 = -m*d. Suppose 114 = 3*i + d. Calculate the highest common factor of i and 12.
6
Let d = -14 - -18. Calculate the highest common divisor of d and 74.
2
Let l(a) = -a**2 - 9*a + 3. Let q be l(-8). Let t be 3/7 + q/7. Suppose -12 = j - 2*p - 5, p = -t*j + 11. What is the highest common divisor of j and 2?
1
Let g(z) = z + 7. Let y(s) = -s - 3. Let j(h) = 4*g(h) + 10*y(h). Let n be j(-2). Suppose f - 33 = -n. What is the greatest common divisor of 253 and f?
23
Let f = 122 + 41. Let k = f - 64. What is the greatest common divisor of 11 and k?
11
Let r = 186 + -128. Let b = r + -44. What is the highest common factor of b and 98?
14
Suppose -3*b - 5*u = -83, -2*b - 2*u + 82 = -4*u. Calculate the greatest common divisor of b and 36.
36
Suppose -3*m + 31 = -53. Let b(q) = -q**3 + 12*q**2 - 5*q + 74. Let z be b(12). What is the highest common divisor of z and m?
14
Let v = -7 - -15. Suppose -19*t + 88 = -18*t. Calculate the highest common factor of t and v.
8
Let x(v) = v**3 + 11*v**2 - 48*v - 24. Let n be x(-14). Suppose 0 = -0*a - 2*a + 12. What is the greatest common divisor of n and a?
6
Suppose -2*q - 8550 = -20*q. What is the greatest common divisor of q and 5?
5
Suppose 15*j = 42*j - 3618. What is the greatest common factor of 603 and j?
67
Let m = -66 + 75. Suppose 168 = -p + m*p. Calculate the greatest common factor of p and 84.
21
Let j = -670 - -1598. What is the highest common factor of j and 64?
32
Suppose 2*b + 8 = 6*b. Suppose b*g = -g + 42. Suppose 190 = 5*s + 4*d, -14 = -4*s - 3*d + 139. Calculate the highest common factor of s and g.
14
Suppose 3*h + 10 = 8*h. Suppose -b - 5*f - 139 = 0, 2*f + h = 4. Let c = 214 + b. What is the highest common divisor of 10 and c?
10
Suppose 5*i - i - 4*c - 712 = 0, 2*c - 340 = -2*i. Calculate the greatest common divisor of i and 1334.
58
Suppose 6*l + 422 = 3092. Calculate the highest common factor of l and 10.
5
Let n(f) = -2*f**3 - 121*f**2 - 63*f - 81. Let d be n(-60). What is the highest common factor of 66 and d?
33
Let v(a) = -3*a + 8. Let q(u) = u. Let g(r) = -6*q(r) - v(r). Let d(f) = 2*f. Let o be d(-4). Let h be g(o). Calculate the greatest common divisor of h and 64.
16
Let k be 3 - (28 + 1)*6/(-6). Let j = -58 + 74. What is the highest common factor of k and j?
16
Let t(v) = v**2 - 2*v + 3. Let c be t(2). Let j(a) = 4*a**2 + 68*a + 195. Let h be j(-3). Calculate the highest common factor of c and h.
3
Suppose -m = 4*t - 3, -2*t + 2*m + 3 = m. Let c be 37 + 5 - (-3)/t. Let x be (-15)/(1 + -5 + 3). Calculate the highest common factor of c and x.
15
Let m(a) = 6*a**2 + 45*a - 51. Let d(b) = b**2 + 9*b - 10. Let n(t) = -11*d(t) + 2*m(t). Let f be n(9). Calculat